r) = r**2 - 6*r + 64. Let h(q) = 7*f(q) + 6*g(q). Calculate h(-4).
104
Suppose 43*x = 37*x + 18. Let m(s) = 61 + x*s - 36 + 7*s - 11*s. Calculate m(15).
10
Let b be 5*(3 - 2) + -1. Let s(f) be the third derivative of -1/2*f**3 + 0 + 0*f - 1/20*f**5 - 29*f**2 + 1/120*f**6 - 1/24*f**4. Calculate s(b).
9
Suppose 0 = -11*v + 5*l - 113, 5*l = -5*v - 92 - 3. Let d(g) = -g - 22. Calculate d(v).
-9
Let w(i) = -3 + 164019*i + 3 - 164015*i. Suppose 0 = y - 5*z - 8, 5*y + 4*z = 16 + 24. Calculate w(y).
32
Let f be (-3)/((-18)/24) - -4. Let r(z) = -f*z**2 + 6*z**2 + 0*z**2 - 7*z + 1 + 3*z**2. What is r(8)?
9
Let o(q) = -q**3 + 5*q**2 - 3*q + 5. Let i(v) = v**3 - 4*v**2 - 21*v - 6. Let m be i(7). Let a be 54/12 + -5 - 33/m. What is o(a)?
-10
Suppose 106*j - 211*j + 92*j = -26. Let u(o) = 14*o + 24. Determine u(j).
52
Let s = -97 + 125. Let k = s + -54. Let p = -25 - k. Let n(y) = -3*y**3 - y**2 + 2*y - 1. What is n(p)?
-3
Let w(p) be the third derivative of p**5/60 - p**4/6 + p**3/3 + 565*p**2. Let u be (-3 - -12)*2/3. Let t = 9 - u. What is w(t)?
-1
Let r be ((1 + 3 - 5) + 15)/1. Suppose -17*s + 156 = -r. Let z(v) = -9*v - 14 + 2 + 0*v + v**2. Calculate z(s).
-2
Let d(a) = 10*a - 4. Suppose 5*w - 3*w - 30 = -13*w. Calculate d(w).
16
Let j(y) = 323*y - 10 - 155*y - 160*y + y**2. Suppose 5*k - 9*k - 32 = -2*f, -3*f - 6 = 0. What is j(k)?
-1
Let x(a) = -2*a**2 - 4*a. Suppose -12*n + 8*n - 584 = 4*k, -4*n - 5*k - 589 = 0. Let f = 74 + n. Let t = f - -64. Calculate x(t).
-6
Let r(i) = i - 13. Suppose -5*y + 39 = 3*h, 7*h = -3*y + 2*h + 33. Let j be 1/(y + (-371)/63). Determine r(j).
-4
Suppose -4*o - 4 - 4 = 4*v, 0 = -2*o - v + 1. Let d(s) = 3*s - 4. Let j be d(o). Let y(p) = p**2 - 3 - j*p + 4 + 4 - 3. Calculate y(5).
2
Let c(a) = 3*a - 3. Suppose 0*r + 8 = -4*r, f + 4 = -r. Determine c(f).
-9
Let k(v) be the second derivative of v**4/12 + v**3 + 2*v**2 + 3*v + 3. Let f be 3/((-6)/(-50)) + 1. Let p = 23 - f. Determine k(p).
-5
Let h(a) = 199*a + 6 - 1 - 177*a + 3 - 4. Give h(-2).
-40
Let o(p) = p**2 - 2. Let u be (18/8)/9 + (-2)/8. Suppose 0 = -u*r - r. Suppose 15*z - 13*z - 4 = r. Give o(z).
2
Suppose -6*u = -3*i - 2*u - 47, -i + u - 14 = 0. Let m(s) be the second derivative of -s**5/20 - 2*s**4/3 + 3*s**3/2 - s**2 - 4*s. Calculate m(i).
-2
Let x(g) = -27*g**2 + 7*g - 15. Let q(s) = 4*s**2 - s + 2. Let w(r) = 7*q(r) + x(r). Calculate w(0).
-1
Let a(g) = -g**3 + 28*g**2 + 30*g - 28. Let o be a(29). Let h be (144/(-60))/(o - 13/10). Let r(c) = -c**2 + 6*c + 8. What is r(h)?
-8
Suppose -3*q - 5*o + 59 = 0, 123*q - 124*q + 33 = 5*o. Let g(f) = 6*f**2 - 75*f - 38. Calculate g(q).
1
Let l = 9232 - 9234. Let p(m) = 3*m**3 + 4*m**2 + m - 2. Let y(r) = r**3 + r**2 - r - 1. Let k(i) = -p(i) + 2*y(i). What is k(l)?
6
Let a(x) be the first derivative of -x**2 - 85*x + 3567. What is a(-30)?
-25
Let w be (-2583)/(-738)*(-20)/7. Let a(v) = v**3 + 11*v**2 + 10*v + 1. Calculate a(w).
1
Let i(q) = -647*q - 219 - 17 - 256 + 141 + 591*q. Calculate i(-6).
-15
Let u(h) = -4*h**2 + 42*h - 1. Let v be (-112)/(-140) - (1 - 61/5). Calculate u(v).
-73
Suppose 0 = -13*p + 19*p + 372. Let u = -58 - p. Let y(x) be the second derivative of x**4/12 - x**3 - x**2/2 - 2*x. Calculate y(u).
-9
Suppose 0 = 21*w - 17*w + 88. Let v(i) = 11*i + 247. Give v(w).
5
Let b be (20/(-25))/(6/(-15)). Let y(d) = 0*d**2 + 5*d - 4 - b*d**2 + d**2 + 2. Let v be ((-2)/(-11))/(10*10/2200). Determine y(v).
2
Let l(w) = -2*w**3 - 44*w - 12. Let b(g) = 5*g**3 + 87*g + 25. Let u(k) = 3*b(k) + 7*l(k). What is u(0)?
-9
Let p(g) be the second derivative of 14*g**3/3 + 121*g**2/2 + 4173*g. Determine p(-4).
9
Let a = -32853 - -32850. Let x(o) = 2*o**2 + 12*o + 27. Determine x(a).
9
Let x(g) = g**3 - 11*g**2 + 18*g + 4. Let y be x(9). Suppose 23 = 3*d + 5*h, 3*d + y*h = d + 16. Let s(b) = d - 1 - 5*b + 3*b - 6. Calculate s(-3).
5
Let h(j) = -j**3 - 10*j**2 + 1. Let k(t) = -t**3 + 3*t**2 + 3*t + 25. Let d = 184 - 179. Let z be k(d). Determine h(z).
1
Suppose 0 = 5*w - 4*q - 2, 0 = -w + 5*q - 12 + 25. Let o be (1 - 11)/w*(-1 + 0). Let y(a) = -a**3 - 5*a**2 - a + 1. Calculate y(o).
6
Suppose -m = -5*h + 13, h + 10 = 6*h. Let l(x) = -x**3 - 2*x**2 + 5. Let b be l(m). Let p(d) = d**3 - 13*d**2 - 13*d - 13. Determine p(b).
1
Let i(j) = j**2 + 4*j**3 + 5316166 + j - 5316166. Let k(t) = -t**3 + 3*t**2 - 1. Let c be k(3). Let n be (2 + (-3 - -2))/c. Determine i(n).
-4
Suppose 0 = -13*h - 48 - 487 - 11. Let y(w) = w**2 + 52*w + 425. Give y(h).
5
Let n(p) = p**3 + 4*p**2 - 4*p + 2. Suppose 0 = -2*t + 57 + 25. Suppose t*q - 15 = 44*q. Calculate n(q).
-3
Let m(f) be the third derivative of f**3 - 4*f**2 - 3 + 0*f - 1/24*f**4. Give m(4).
2
Let b(n) be the second derivative of -n**3/2 - n. Let y be (9 + -1 - 7) + 0. Give b(y).
-3
Let k(p) = p**2 - 5*p + 5. Let x(t) = -t**3 - 11*t**2 + 33*t + 15. Let h be x(-13). Let u = 81 + h. Give k(u).
5
Let v(h) = 3 + 6*h**2 - 2*h**2 - h**2 - 9*h + 7*h**2 - h**3 - 5*h. Give v(9).
-42
Let g(r) be the second derivative of -1/20*r**5 + 1/4*r**4 - 5/2*r**2 - 196*r + 5/6*r**3 + 0. Determine g(4).
-1
Let y(f) = -10*f**2 - 1. Let c be 3/(564/78 - 7). Suppose 25*u + 38 = -c*u. Determine y(u).
-11
Let z(b) = 98 + 90 + 73 - b + 2*b - 294 + b**2. Give z(-7).
9
Let x = -10746 + 10770. Let a(u) = -u**3 + 21*u**2 + 72*u - 8. Give a(x).
-8
Suppose 2*m + 2 - 1 = c, 3*c = 4*m + 5. Let q be c + 2*2/8*0. Let l(h) = 4*h + 5*h + 10 + h**q - 2*h - 2*h - 8*h**2. Give l(7).
-4
Let m = 7856 + -7866. Let p(n) = 3*n**2 + 29*n - 16. Calculate p(m).
-6
Let g(r) = -r**3 + 4*r**2 + 5*r + 2. Let c(x) = x**3 - x**2 - x. Let z(i) = -4*c(i) - g(i). Suppose -10*d + 65 - 85 = 0. Calculate z(d).
24
Let y(x) = 26*x - 418. Let p(a) = 29*a - 499. Let d(u) = -5*p(u) + 6*y(u). Give d(2).
9
Let h(s) = s**3 + 116*s + 234. Let r be h(-2). Let f(l) = -l**2 + 10*l + 2. Calculate f(r).
-94
Let l(a) be the third derivative of a**5/30 + 5*a**4/6 + 4*a**3 + 1552*a**2. Determine l(-9).
6
Let n(f) = 5*f**2 + f + 59*f**3 - 58*f**3 - 4 + 1. Let d = 146 + -151. What is n(d)?
-8
Let y(p) = 7*p**2 + 8. Let q(i) = 38*i**2 + 2*i + 45. Let u(x) = 19*x**2 + x + 23. Let a(c) = 2*q(c) - 5*u(c). Let b(m) = 4*a(m) + 11*y(m). Give b(5).
-7
Let l(c) = c**3 - 4*c**2 - 6*c - 1. Let k(s) = s**2 - 1. Let j(o) = o**2 - 2*o + 11. Let m(n) = j(n) - 2*k(n). Let u be m(-4). Calculate l(u).
-6
Let n(h) = 5*h**3 + 32*h**2 + 65*h + 41. Let j(z) = 2*z**3 + 11*z**2 + 22*z + 14. Let y(a) = -8*j(a) + 3*n(a). Calculate y(10).
1
Let t(x) = x**3 + 6*x**2 + 4*x + 5. Let j be (3/6)/(21/(-10) - -2). Let b be t(j). Let u(n) = -9 - b + 5*n + 20. Give u(1).
6
Let f = 30551 - 30576. Let d(s) = s**3 + 25*s**2 - 2*s - 63. Determine d(f).
-13
Let z(d) = 4*d + 23. Suppose 0 = 184*j - 178*j + 30. Calculate z(j).
3
Let a(o) = -o**2 - 8*o. Let w = 716 + -714. Suppose 0*r - r = z + 11, w*r = z - 13. Give a(r).
0
Let u(k) = -3*k - 13. Let v be 1*9*(-4 - 20/(-6)). Let f be u(v). Let z(j) = 0 + j - j**2 + 2*j + 6. Determine z(f).
-4
Let l = 13 - 7. Suppose 5*x + 14 = -v, -4*v + v = -5*x - 38. Suppose 0 = -l*t - v. Let g(d) = 4*d**3 - d. What is g(t)?
-3
Let i(u) = u**3 + 10*u**2 + 10*u + 8. Suppose -205 = p - 203. Let h be 532/(-60) - p/(-15). Give i(h).
-1
Let d(l) = l**3 - 3*l**2 - 15*l + 34. Let z be d(5). Let c(x) = 84*x**2 + 6 - 2*x + x - 85*x**2 + 10*x. What is c(z)?
6
Let g(n) = 2*n**2 - n - 1. Let q(f) = -9*f**2 + 17*f - 38. Let t(w) = 4*g(w) + q(w). What is t(8)?
-2
Suppose 2*h + 77 - 2 = 17*h. Let n(d) be the third derivative of 0*d - 1/12*d**h + 1/6*d**3 + 0 + 1/120*d**6 + 1/8*d**4 - 11*d**2. Determine n(5).
16
Let d(i) be the second derivative of -3*i**4/4 + i**3/6 + i**2 - i - 163. Calculate d(2).
-32
Let j(a) = -3*a**3 + a**2 + 6*a + 5. Let y = -15311 + 15309. Give j(y).
21
Let v(s) = -7*s**3 + 26*s**2 - 7*s + 183. Let g(q) = -3*q**3 + 11*q**2 - 3*q + 77. Let o(u) = 19*g(u) - 8*v(u). Give o(1).
-2
Let k be (-1)/(-2)*-2*1. Let y(x) be the second derivative of x**7/840 - x**5/120 + 30*x**4 + 154*x. Let u(i) be the third derivative of y(i). Determine u(k).
2
Let n be (-6)/(-10) + (-32)/20. Let j = 11 + n. Let x(v) = -3*v + v - 14 + 23 + v. What is x(j)?
-1
Let o(z) = z + 2. Let v(n) = -6. Let r = 37 + -26. Let l(f) = 1. Let q(k) = r*l(k) + 2*v(k). Let w(g) = o(g) + 5*q(g). Determine w(6